{"id":30240,"date":"2022-01-15T18:32:04","date_gmt":"2022-01-15T16:32:04","guid":{"rendered":"https:\/\/www.hellamieli.fi\/verkkokurssi\/ryhma6\/?page_id=30240"},"modified":"2024-02-03T18:45:54","modified_gmt":"2024-02-03T16:45:54","slug":"salasanan-nollaus","status":"publish","type":"page","link":"https:\/\/jannittajanverkkokurssi.com\/ryhma15\/salasanan-nollaus\/","title":{"rendered":"-salasanan nollaus"},"content":{"rendered":"\t\t<div data-elementor-type=\"wp-page\" data-elementor-id=\"30240\" class=\"elementor elementor-30240\" data-elementor-post-type=\"page\">\n\t\t\t\t\t\t<section class=\"elementor-section elementor-top-section elementor-element elementor-element-6ea98e4 elementor-section-boxed elementor-section-height-default elementor-section-height-default\" data-id=\"6ea98e4\" data-element_type=\"section\">\n\t\t\t\t\t\t<div class=\"elementor-container elementor-column-gap-default\">\n\t\t\t\t\t<div class=\"elementor-column elementor-col-16 elementor-top-column elementor-element elementor-element-3f91e97\" data-id=\"3f91e97\" data-element_type=\"column\">\n\t\t\t<div class=\"elementor-widget-wrap\">\n\t\t\t\t\t\t\t<\/div>\n\t\t<\/div>\n\t\t\t\t<div class=\"elementor-column elementor-col-66 elementor-top-column elementor-element elementor-element-c417ae2\" data-id=\"c417ae2\" data-element_type=\"column\">\n\t\t\t<div class=\"elementor-widget-wrap elementor-element-populated\">\n\t\t\t\t\t\t<div class=\"elementor-element elementor-element-282c6b0 elementor-widget elementor-widget-text-editor\" data-id=\"282c6b0\" data-element_type=\"widget\" data-widget_type=\"text-editor.default\">\n\t\t\t\t<div class=\"elementor-widget-container\">\n\t\t\t\t\t\t\t\n<div class=\"um um-password um-um_password_id\">\n\t<div class=\"um-form\">\n\t\t<form method=\"post\" action=\"\">\n\t\t\t\n\t\t\t\t<input type=\"hidden\" name=\"_um_password_reset\" id=\"_um_password_reset\" value=\"1\" \/>\n\n\t\t\t\t\t\t\t\t\t<div class=\"um-field um-field-block um-field-type_block\">\n\t\t\t\t\t\t<div class=\"um-field-block\">\n\t\t\t\t\t\t\t<div style=\"text-align:center;\">\n\t\t\t\t\t\t\t\tPyyd\u00e4 uusi salasana antamalla s\u00e4hk\u00f6postiosoitteesi tai k\u00e4ytt\u00e4j\u00e4tunnuksesi alle.\t\t\t\t\t\t\t<\/div>\n\t\t\t\t\t\t<\/div>\n\t\t\t\t\t<\/div>\n\t\t\t\t<div  id=\"um_field_0_username_b\" class=\"um-field um-field-text  um-field-username_b um-field-text um-field-type_text\" data-key=\"username_b\"><div class=\"um-field-area\"><input  autocomplete=\"off\" class=\"um-form-field valid \" type=\"text\" name=\"username_b\" id=\"username_b\" value=\"\" placeholder=\"Anna k\u00e4ytt\u00e4j\u00e4tunnuksesi tai s\u00e4hk\u00f6postiosoitteesi\" data-validate=\"\" data-key=\"username_b\"  aria-invalid=\"false\" \/>\n\n\t\t\t\t\t\t<\/div><\/div>\n\t\t\t\t<div class=\"um-col-alt um-col-alt-b\">\n\n\t\t\t\t\t<div class=\"um-center\">\n\t\t\t\t\t\t<input type=\"submit\" value=\"Nollaa salasana\" class=\"um-button\" id=\"um-submit-btn\" \/>\n\t\t\t\t\t<\/div>\n\n\t\t\t\t\t<div class=\"um-clear\"><\/div>\n\n\t\t\t\t<\/div>\n\n\t\t\t\t\t<input type=\"hidden\" name=\"form_id\" id=\"form_id_um_password_id\" value=\"um_password_id\" \/>\n\t\t<p class=\"um_request_name\">\n\t\t<label for=\"um_request_um_password_id\">Only fill in if you are not human<\/label>\n\t\t<input type=\"hidden\" name=\"um_request\" id=\"um_request_um_password_id\" class=\"input\" value=\"\" size=\"25\" autocomplete=\"off\" \/>\n\t<\/p>\n\t\t\t<\/form>\n\t<\/div>\n<\/div>\n<style>\n\t\t\t.um-um_password_id.um {\n\t\t\tmax-width: 450px;\n\t\t}\n\t\t<\/style>\n\t\t\t\t\t\t<\/div>\n\t\t\t\t<\/div>\n\t\t\t\t\t<\/div>\n\t\t<\/div>\n\t\t\t\t<div class=\"elementor-column elementor-col-16 elementor-top-column elementor-element elementor-element-511313e\" data-id=\"511313e\" data-element_type=\"column\">\n\t\t\t<div class=\"elementor-widget-wrap\">\n\t\t\t\t\t\t\t<\/div>\n\t\t<\/div>\n\t\t\t\t\t<\/div>\n\t\t<\/section>\n\t\t\t\t<\/div>\n\t\t","protected":false},"excerpt":{"rendered":"","protected":false},"author":1,"featured_media":0,"parent":0,"menu_order":0,"comment_status":"closed","ping_status":"closed","template":"elementor_canvas","meta":{"site-sidebar-layout":"default","site-content-layout":"default","ast-site-content-layout":"default","site-content-style":"default","site-sidebar-style":"default","ast-global-header-display":"","ast-banner-title-visibility":"","ast-main-header-display":"","ast-hfb-above-header-display":"","ast-hfb-below-header-display":"","ast-hfb-mobile-header-display":"","site-post-title":"","ast-breadcrumbs-content":"","ast-featured-img":"","footer-sml-layout":"","theme-transparent-header-meta":"default","adv-header-id-meta":"","stick-header-meta":"","header-above-stick-meta":"","header-main-stick-meta":"","header-below-stick-meta":"","astra-migrate-meta-layouts":"default","ast-page-background-enabled":"default","ast-page-background-meta":{"desktop":{"background-color":"","background-image":"","background-repeat":"repeat","background-position":"center center","background-size":"auto","background-attachment":"scroll","background-type":"","background-media":"","overlay-type":"","overlay-color":"","overlay-opacity":"","overlay-gradient":""},"tablet":{"background-color":"","background-image":"","background-repeat":"repeat","background-position":"center center","background-size":"auto","background-attachment":"scroll","background-type":"","background-media":"","overlay-type":"","overlay-color":"","overlay-opacity":"","overlay-gradient":""},"mobile":{"background-color":"","background-image":"","background-repeat":"repeat","background-position":"center center","background-size":"auto","background-attachment":"scroll","background-type":"","background-media":"","overlay-type":"","overlay-color":"","overlay-opacity":"","overlay-gradient":""}},"ast-content-background-meta":{"desktop":{"background-color":"var(--ast-global-color-5)","background-image":"","background-repeat":"repeat","background-position":"center center","background-size":"auto","background-attachment":"scroll","background-type":"","background-media":"","overlay-type":"","overlay-color":"","overlay-opacity":"","overlay-gradient":""},"tablet":{"background-color":"var(--ast-global-color-5)","background-image":"","background-repeat":"repeat","background-position":"center center","background-size":"auto","background-attachment":"scroll","background-type":"","background-media":"","overlay-type":"","overlay-color":"","overlay-opacity":"","overlay-gradient":""},"mobile":{"background-color":"var(--ast-global-color-5)","background-image":"","background-repeat":"repeat","background-position":"center center","background-size":"auto","background-attachment":"scroll","background-type":"","background-media":"","overlay-type":"","overlay-color":"","overlay-opacity":"","overlay-gradient":""}},"footnotes":""},"class_list":["post-30240","page","type-page","status-publish","hentry"],"yoast_head":"<!-- This site is optimized with the Yoast SEO plugin v26.3 - https:\/\/yoast.com\/wordpress\/plugins\/seo\/ -->\n<title>-salasanan nollaus - J\u00e4nnitt\u00e4j\u00e4n verkkokurssi<\/title>\n<meta name=\"robots\" content=\"index, follow, max-snippet:-1, max-image-preview:large, max-video-preview:-1\" \/>\n<link rel=\"canonical\" href=\"https:\/\/jannittajanverkkokurssi.com\/ryhma15\/salasanan-nollaus\/\" \/>\n<meta property=\"og:locale\" content=\"fi_FI\" \/>\n<meta property=\"og:type\" content=\"article\" \/>\n<meta property=\"og:title\" content=\"-salasanan nollaus - J\u00e4nnitt\u00e4j\u00e4n verkkokurssi\" \/>\n<meta property=\"og:url\" content=\"https:\/\/jannittajanverkkokurssi.com\/ryhma15\/salasanan-nollaus\/\" \/>\n<meta property=\"og:site_name\" content=\"J\u00e4nnitt\u00e4j\u00e4n verkkokurssi\" \/>\n<meta property=\"article:modified_time\" content=\"2024-02-03T16:45:54+00:00\" \/>\n<meta name=\"twitter:card\" content=\"summary_large_image\" \/>\n<meta name=\"twitter:label1\" content=\"Arvioitu lukuaika\" \/>\n\t<meta name=\"twitter:data1\" content=\"1 minuutti\" \/>\n<script type=\"application\/ld+json\" class=\"yoast-schema-graph\">{\"@context\":\"https:\/\/schema.org\",\"@graph\":[{\"@type\":\"WebPage\",\"@id\":\"https:\/\/jannittajanverkkokurssi.com\/ryhma15\/salasanan-nollaus\/\",\"url\":\"https:\/\/jannittajanverkkokurssi.com\/ryhma15\/salasanan-nollaus\/\",\"name\":\"-salasanan nollaus - J\u00e4nnitt\u00e4j\u00e4n verkkokurssi\",\"isPartOf\":{\"@id\":\"https:\/\/jannittajanverkkokurssi.com\/ryhma15\/#website\"},\"datePublished\":\"2022-01-15T16:32:04+00:00\",\"dateModified\":\"2024-02-03T16:45:54+00:00\",\"breadcrumb\":{\"@id\":\"https:\/\/jannittajanverkkokurssi.com\/ryhma15\/salasanan-nollaus\/#breadcrumb\"},\"inLanguage\":\"fi\",\"potentialAction\":[{\"@type\":\"ReadAction\",\"target\":[\"https:\/\/jannittajanverkkokurssi.com\/ryhma15\/salasanan-nollaus\/\"]}]},{\"@type\":\"BreadcrumbList\",\"@id\":\"https:\/\/jannittajanverkkokurssi.com\/ryhma15\/salasanan-nollaus\/#breadcrumb\",\"itemListElement\":[{\"@type\":\"ListItem\",\"position\":1,\"name\":\"Home\",\"item\":\"https:\/\/jannittajanverkkokurssi.com\/ryhma15\/\"},{\"@type\":\"ListItem\",\"position\":2,\"name\":\"-salasanan nollaus\"}]},{\"@type\":\"WebSite\",\"@id\":\"https:\/\/jannittajanverkkokurssi.com\/ryhma15\/#website\",\"url\":\"https:\/\/jannittajanverkkokurssi.com\/ryhma15\/\",\"name\":\"J\u00e4nnitt\u00e4j\u00e4n verkkokurssi\",\"description\":\"Tukea ja apua j\u00e4nnitt\u00e4misen kanssa selvi\u00e4miseen\",\"publisher\":{\"@id\":\"https:\/\/jannittajanverkkokurssi.com\/ryhma15\/#organization\"},\"potentialAction\":[{\"@type\":\"SearchAction\",\"target\":{\"@type\":\"EntryPoint\",\"urlTemplate\":\"https:\/\/jannittajanverkkokurssi.com\/ryhma15\/?s={search_term_string}\"},\"query-input\":{\"@type\":\"PropertyValueSpecification\",\"valueRequired\":true,\"valueName\":\"search_term_string\"}}],\"inLanguage\":\"fi\"},{\"@type\":\"Organization\",\"@id\":\"https:\/\/jannittajanverkkokurssi.com\/ryhma15\/#organization\",\"name\":\"J\u00e4nnitt\u00e4j\u00e4n verkkokurssi\",\"url\":\"https:\/\/jannittajanverkkokurssi.com\/ryhma15\/\",\"logo\":{\"@type\":\"ImageObject\",\"inLanguage\":\"fi\",\"@id\":\"https:\/\/jannittajanverkkokurssi.com\/ryhma15\/#\/schema\/logo\/image\/\",\"url\":\"https:\/\/jannittajanverkkokurssi.com\/ryhma15\/wp-content\/uploads\/2021\/06\/logo-svg.svg\",\"contentUrl\":\"https:\/\/jannittajanverkkokurssi.com\/ryhma15\/wp-content\/uploads\/2021\/06\/logo-svg.svg\",\"width\":400,\"height\":78,\"caption\":\"J\u00e4nnitt\u00e4j\u00e4n verkkokurssi\"},\"image\":{\"@id\":\"https:\/\/jannittajanverkkokurssi.com\/ryhma15\/#\/schema\/logo\/image\/\"}}]}<\/script>\n<!-- \/ Yoast SEO plugin. -->","yoast_head_json":{"title":"-salasanan nollaus - J\u00e4nnitt\u00e4j\u00e4n verkkokurssi","robots":{"index":"index","follow":"follow","max-snippet":"max-snippet:-1","max-image-preview":"max-image-preview:large","max-video-preview":"max-video-preview:-1"},"canonical":"https:\/\/jannittajanverkkokurssi.com\/ryhma15\/salasanan-nollaus\/","og_locale":"fi_FI","og_type":"article","og_title":"-salasanan nollaus - J\u00e4nnitt\u00e4j\u00e4n verkkokurssi","og_url":"https:\/\/jannittajanverkkokurssi.com\/ryhma15\/salasanan-nollaus\/","og_site_name":"J\u00e4nnitt\u00e4j\u00e4n verkkokurssi","article_modified_time":"2024-02-03T16:45:54+00:00","twitter_card":"summary_large_image","twitter_misc":{"Arvioitu lukuaika":"1 minuutti"},"schema":{"@context":"https:\/\/schema.org","@graph":[{"@type":"WebPage","@id":"https:\/\/jannittajanverkkokurssi.com\/ryhma15\/salasanan-nollaus\/","url":"https:\/\/jannittajanverkkokurssi.com\/ryhma15\/salasanan-nollaus\/","name":"-salasanan nollaus - J\u00e4nnitt\u00e4j\u00e4n verkkokurssi","isPartOf":{"@id":"https:\/\/jannittajanverkkokurssi.com\/ryhma15\/#website"},"datePublished":"2022-01-15T16:32:04+00:00","dateModified":"2024-02-03T16:45:54+00:00","breadcrumb":{"@id":"https:\/\/jannittajanverkkokurssi.com\/ryhma15\/salasanan-nollaus\/#breadcrumb"},"inLanguage":"fi","potentialAction":[{"@type":"ReadAction","target":["https:\/\/jannittajanverkkokurssi.com\/ryhma15\/salasanan-nollaus\/"]}]},{"@type":"BreadcrumbList","@id":"https:\/\/jannittajanverkkokurssi.com\/ryhma15\/salasanan-nollaus\/#breadcrumb","itemListElement":[{"@type":"ListItem","position":1,"name":"Home","item":"https:\/\/jannittajanverkkokurssi.com\/ryhma15\/"},{"@type":"ListItem","position":2,"name":"-salasanan nollaus"}]},{"@type":"WebSite","@id":"https:\/\/jannittajanverkkokurssi.com\/ryhma15\/#website","url":"https:\/\/jannittajanverkkokurssi.com\/ryhma15\/","name":"J\u00e4nnitt\u00e4j\u00e4n verkkokurssi","description":"Tukea ja apua j\u00e4nnitt\u00e4misen kanssa selvi\u00e4miseen","publisher":{"@id":"https:\/\/jannittajanverkkokurssi.com\/ryhma15\/#organization"},"potentialAction":[{"@type":"SearchAction","target":{"@type":"EntryPoint","urlTemplate":"https:\/\/jannittajanverkkokurssi.com\/ryhma15\/?s={search_term_string}"},"query-input":{"@type":"PropertyValueSpecification","valueRequired":true,"valueName":"search_term_string"}}],"inLanguage":"fi"},{"@type":"Organization","@id":"https:\/\/jannittajanverkkokurssi.com\/ryhma15\/#organization","name":"J\u00e4nnitt\u00e4j\u00e4n verkkokurssi","url":"https:\/\/jannittajanverkkokurssi.com\/ryhma15\/","logo":{"@type":"ImageObject","inLanguage":"fi","@id":"https:\/\/jannittajanverkkokurssi.com\/ryhma15\/#\/schema\/logo\/image\/","url":"https:\/\/jannittajanverkkokurssi.com\/ryhma15\/wp-content\/uploads\/2021\/06\/logo-svg.svg","contentUrl":"https:\/\/jannittajanverkkokurssi.com\/ryhma15\/wp-content\/uploads\/2021\/06\/logo-svg.svg","width":400,"height":78,"caption":"J\u00e4nnitt\u00e4j\u00e4n verkkokurssi"},"image":{"@id":"https:\/\/jannittajanverkkokurssi.com\/ryhma15\/#\/schema\/logo\/image\/"}}]}},"_links":{"self":[{"href":"https:\/\/jannittajanverkkokurssi.com\/ryhma15\/wp-json\/wp\/v2\/pages\/30240","targetHints":{"allow":["GET"]}}],"collection":[{"href":"https:\/\/jannittajanverkkokurssi.com\/ryhma15\/wp-json\/wp\/v2\/pages"}],"about":[{"href":"https:\/\/jannittajanverkkokurssi.com\/ryhma15\/wp-json\/wp\/v2\/types\/page"}],"author":[{"embeddable":true,"href":"https:\/\/jannittajanverkkokurssi.com\/ryhma15\/wp-json\/wp\/v2\/users\/1"}],"replies":[{"embeddable":true,"href":"https:\/\/jannittajanverkkokurssi.com\/ryhma15\/wp-json\/wp\/v2\/comments?post=30240"}],"version-history":[{"count":9,"href":"https:\/\/jannittajanverkkokurssi.com\/ryhma15\/wp-json\/wp\/v2\/pages\/30240\/revisions"}],"predecessor-version":[{"id":34685,"href":"https:\/\/jannittajanverkkokurssi.com\/ryhma15\/wp-json\/wp\/v2\/pages\/30240\/revisions\/34685"}],"wp:attachment":[{"href":"https:\/\/jannittajanverkkokurssi.com\/ryhma15\/wp-json\/wp\/v2\/media?parent=30240"}],"curies":[{"name":"wp","href":"https:\/\/api.w.org\/{rel}","templated":true}]}}